f j?
1
Suppose -88*q + 105*q = 52496. What is the hundreds digit of q?
0
Suppose 2*h + 103 = -3*n, -3*n - h = -2*h + 106. Let i = 167 + n. What is the tens digit of (i/9)/((-1)/(-3))?
4
Suppose 4*k - 176 = 1120. Suppose -22*f + k = -20*f. What is the hundreds digit of f?
1
Let o = -1 - -5. What is the units digit of 1196/14 - o/(-7)?
6
Let w be 1956/3 + -4 + 2. Suppose 0 = 10*d - 5*d - w. What is the hundreds digit of d?
1
Let t(k) = k**3 - 12*k**2 + 13*k - 25. Let h be t(11). What is the tens digit of (-1 - h/9)/(2/(-237))?
7
Let w(a) be the second derivative of -a**5/20 + 2*a**4/3 + 2*a**3/3 - 7*a**2/2 - a. What is the units digit of w(6)?
9
Let u = -212 - -1385. What is the tens digit of u?
7
Let i(u) be the first derivative of -u**6/360 - u**5/15 - u**4/2 + 8*u**3/3 + 10. Let z(k) be the third derivative of i(k). What is the units digit of z(-5)?
3
Suppose 3*q - 609 = -p - 2*q, 0 = -p - 2*q + 603. What is the units digit of p?
9
Let h(w) be the first derivative of 5*w**2/2 + 3*w - 6. What is the units digit of h(2)?
3
Suppose 28*t - 742 = 18186. What is the hundreds digit of t?
6
Let t = 650 + -429. What is the units digit of t?
1
Let t(a) = -a**3 + 2*a**2 + 17*a + 6. Let b be (-48)/40*5*-1. Let r be t(b). Let y = -15 - r. What is the units digit of y?
1
Let z(n) = 1028*n**3 - 3*n**2 - 34*n + 35. What is the thousands digit of z(1)?
1
Suppose 185 = 3*u - 4*s, 13 = -4*s + 5. Suppose 0 = t - g - 25, 3*t - 3*g - u = -8*g. What is the tens digit of t?
2
Let t(a) = -a**3 + 15*a**2 - 2*a - 33. Suppose 29*b - 31*b + 28 = 0. What is the hundreds digit of t(b)?
1
Suppose -75*n + 1074 = -72*n. What is the units digit of n?
8
Let x = 701 + -224. What is the units digit of x?
7
Let d = 253 + -234. Let u = -2 - -2. Let x = d + u. What is the tens digit of x?
1
Let r(y) = -12*y**3 - 5*y**2 - 12*y + 7. What is the tens digit of r(-7)?
6
Suppose -v - 5*t = -132, -3*t = 5*v - 2*v - 396. What is the hundreds digit of v?
1
Let b = 18 + -22. What is the tens digit of 2152/36 + b/(-18)?
6
What is the tens digit of (-6)/15 + (-185346)/(-90)?
5
Let y = 8 + -4. Suppose 0*v = -2*v - 4*c - 74, c = y. Let h = v - -69. What is the tens digit of h?
2
Suppose -4*q + 1608 = -4*w, -102 = -3*q - 2*w + 1089. What is the tens digit of q?
9
Suppose h - 94 = -2*i, h = 2*h - 3*i - 109. Suppose -h = 2*v - 32. Let d = v - -49. What is the tens digit of d?
1
Suppose t + 2*t + 21 = 0. Let l(k) = 5*k**2 - 8*k + 16. Let r(w) = -9*w**2 + 16*w - 31. Let y(q) = t*l(q) - 4*r(q). What is the tens digit of y(9)?
2
Suppose 4*g - 3*s = -20, -3*g - 5 = -2*g + 5*s. Let m = -398 - -394. What is the units digit of (g/m + -1)*68?
7
Suppose -12 = 3*u, 3*i - u - 486 - 76 = 0. What is the hundreds digit of i?
1
Let z = 70 - -145. Suppose -3*m + 34 = -z. What is the tens digit of m?
8
Suppose -v = -4*m + 2*m + 4, 0 = 3*v. Let h = 5 + m. Let q = 13 + h. What is the units digit of q?
0
Suppose -6*s = -2*s - 8. Suppose -2 = 2*f, -s*y = 2*f - f - 7. Suppose -121 = -y*w + 5*c, 0 = 3*w - 0*c - 4*c - 92. What is the tens digit of w?
2
Let k(d) = -2*d**3 + 4*d**2 - 8. Let j be k(-4). Suppose y - c - 47 = 0, 4*y - j = 3*c - 0*c. What is the units digit of y?
3
Let n(c) = 3*c**2 - 4*c - 2. Suppose -2*w + 6 = -w. Suppose -w*a + 15 = -11*a. What is the units digit of n(a)?
7
Let d(l) be the third derivative of 1/24*l**4 + 0*l + 8/3*l**3 + 0 + 4*l**2. What is the units digit of d(-7)?
9
Suppose 18 = 4*v - 5*v. Let j be (v/4)/((-6)/108). Suppose 2*g = z + j, -3*g = z + z - 111. What is the units digit of g?
9
Let k(s) = s**2 - 6*s + 9. Let m = -20 - -23. Let o be k(m). Suppose 0 = -o*j + 5*j - 305. What is the units digit of j?
1
Let p = -103 + 145. Let y = -7 + 15. Let h = p + y. What is the tens digit of h?
5
Suppose 5*p - 378 = b + 39, p - 78 = 2*b. Suppose -p + 14 = 5*i. Let s(y) = -3*y - 10. What is the tens digit of s(i)?
3
Let y = -149 + 855. What is the units digit of y?
6
Let i = 9458 + -6097. What is the thousands digit of i?
3
Suppose 0*o = 2*o - 20. Let p be (15/o)/((-2)/4). What is the units digit of p + -2 + 0 + 12?
7
Let f(t) = 6*t**2 - t - 8. Let c(k) = 3*k**2 - k - 4. Let z(p) = -5*c(p) + 3*f(p). What is the tens digit of z(-5)?
6
Suppose 5*p = 2*f - 5, -5*f = 4*p + p - 30. Let w(j) = 0*j + j + 0*j - j**2 - 1 + 16*j**3. What is the tens digit of w(p)?
1
Suppose 0 = 3*d - 5*g - 3 + 22, 2*g = -4*d - 8. Suppose 5 + 7 = 2*a. What is the tens digit of (-4)/a*26*d?
5
Let a(f) = 82*f**2 - 7*f - 2. Let r(n) = -n**2 - n. Let t(j) = a(j) - 5*r(j). What is the tens digit of t(-1)?
8
Suppose -22622 = -15*b + 523. What is the tens digit of b?
4
Suppose -5*o + 2*k - 7*k + 870 = 0, 4*o - 656 = 4*k. What is the tens digit of o?
6
Suppose -3*y - 4*i = -666 - 429, 3*y - 1095 = 4*i. Suppose -4*z = -d + 95, -3*z = 3*d + z - y. Suppose 5*w - d = -15. What is the tens digit of w?
2
Suppose -208 = -4*t - 568. Let x = 56 - t. What is the tens digit of x?
4
Let h(t) = 52*t**2 - 31*t + 63. What is the units digit of h(2)?
9
Suppose 3*h = 5*f - 3, 0 = 3*h - 7*h - 4. Suppose f*p + 5 = p. Suppose -p*y + 35 = -135. What is the tens digit of y?
3
Let o(g) = -3*g**2 - 27*g + 22. Let r(v) = 13*v**2 + 109*v - 87. Let p(q) = 9*o(q) + 2*r(q). What is the units digit of p(-21)?
8
Suppose 2*s + 2 = 50. What is the tens digit of 315/14*s/10?
5
What is the hundreds digit of 813/2 + 36/(-72)?
4
Let b = -154 + 217. Let c be b + (2 - (2 - 3)). Suppose 14 = 4*f - c. What is the tens digit of f?
2
Let w(i) = 3*i**2 - 81*i - 50. What is the thousands digit of w(39)?
1
Suppose k - 1 = 4*j - 4, 3*k - 2*j + 39 = 0. What is the tens digit of 3*-1 - 1 - (k + -184)?
9
What is the units digit of 8/(-3)*45/(-30) - -35?
9
Suppose 5*q - 2*d - 65 = -17, -q = -3*d - 7. Suppose 4*x - 30 = -q, 0 = 4*a - 2*x - 62. What is the tens digit of a?
1
Let i(d) = 342*d - 42. What is the tens digit of i(2)?
4
Let n be 7/(-28) + 345/(-12) + -1. Let i(x) = -8*x + 3. Let q be i(-6). Let m = n + q. What is the tens digit of m?
2
Let j(l) = -l**3 - 14*l**2 - 3*l - 51. What is the hundreds digit of j(-19)?
8
Let z(l) be the second derivative of l**3/6 + l**2/2 - 3*l. Let n be z(-1). Suppose 2*f - 7*f + 115 = n. What is the units digit of f?
3
Let j be 32 + (1 + 3)*-1. Suppose -m + j + 26 = 0. What is the tens digit of m?
5
Suppose -4*b = 4766 - 13770. What is the tens digit of b?
5
Let f(p) = -p**3 - 3*p**2 + 5*p. Let i be f(-4). Let t = i - -3. What is the units digit of (t/(-2))/((-1)/(-10))?
5
Let p(a) = -10*a - 35. What is the units digit of p(-9)?
5
What is the tens digit of (-1)/((-15)/91044) + (-15)/25?
6
Suppose -3*q + 24 = -0*q + 5*m, -5*q = -m - 12. Suppose q*n - 2*f = 170, 3*n - 190 = -f - 14. What is the units digit of n?
8
Suppose -2*o - 4*c + 31 = -3*o, -4*o - 2*c = 106. Let j = o + 31. Suppose -j*q - 4*x = -0*q - 60, 4*x + 16 = 0. What is the tens digit of q?
1
What is the tens digit of (16 + 12)/((-4)/(-82))?
7
Suppose -8 = 3*b + 5*f, -2*b = f + 2*f + 4. Suppose b*h - o + 2*o = 25, 2*h + 15 = 5*o. What is the units digit of h?
5
Let q = 0 + 5. Suppose -6*m = -q*m - 62. Suppose f - 3*f + m = 5*a, -4*a + 16 = 0. What is the tens digit of f?
2
Suppose 0 = 4*h + 2*b - 8132, -h = -41*b + 42*b - 2031. What is the units digit of h?
5
Let j(p) = p**2 - 10*p - 6. Let m be j(10). Let z(f) = -2*f**2 + 5*f + 3. Let o be z(m). Let u = 145 + o. What is the units digit of u?
6
Let k(c) = -2*c**3 - 8*c**2 + 4. Let n be k(-6). Suppose -3*l + n = -17. What is the units digit of l?
5
Suppose -3*s + 9 = -4*p, -4*p - 15 = -3*s - 2*s. Suppose 4*k - 267 - 257 = p. What is the units digit of k?
1
Suppose -7*j + 20*j - 2990 = 0. What is the hundreds digit of j?
2
Let b(x) = 2*x**3 - 16*x**2 + 13*x + 13. Let l be b(11). Suppose -3*p + l = 3*p. Let g = 214 - p. What is the units digit of g?
7
Suppose b - 960 = -5*c, -3*b + 3*c + 2861 = -c. What is the hundreds digit of b?
9
Let g be (-4)/3*(-6)/4. Let m(d) = -1 + 0*d**g - 6*d**2 + d**3 + 11. What is the tens digit of m(7)?
5
Let v(f) = -6*f - 25. Let l be v(-6). What is the tens digit of (10 - l)/(2/(-34))?
1
Suppose 4*o - 22 = 4*h + h, 2*h = -3*o + 5. Let k(u) = 67 + 58 - 2*u - u - 127. What is the units digit of k(h)?
4
Let h = 127 + -125. Suppose c - i = 2*i + 106, 2*c - h*i = 212. What is the units digit of c?
6
Suppose 27